588092?
False
Is 4261 a factor of 316101474?
False
Does 8 divide 236767136?
True
Is 256806847 a multiple of 375?
False
Does 6 divide 74300076?
True
Is 117312650 a multiple of 1330?
True
Is 118856444 a multiple of 28?
True
Is 2020 a factor of 431338680?
True
Is 23463421 a multiple of 45?
False
Is 190563375 a multiple of 2633?
True
Does 31 divide 767441332?
True
Does 6 divide 28104246?
True
Does 24 divide 675569738?
False
Is 35932698 a multiple of 111?
True
Does 13 divide 160310629?
False
Does 1744 divide 124106528?
True
Does 5744 divide 2408505152?
True
Is 4 a factor of 450394853?
False
Does 8812 divide 688351763?
False
Is 96 a factor of 559202431?
False
Is 214100346 a multiple of 6?
True
Does 135 divide 1339098791?
False
Is 42 a factor of 11959468?
False
Is 192 a factor of 151863552?
True
Does 557 divide 56287635?
True
Is 150471101 a multiple of 3621?
False
Is 49862852 even?
True
Is 7 a factor of 29208800?
False
Does 1200 divide 58080000?
True
Is 1123440104 a multiple of 223?
True
Does 3 divide 11614923?
True
Is 1668 a factor of 1610654160?
True
Is 56208846 a multiple of 14?
False
Is 4 a factor of 702594597?
False
Does 10412 divide 204689508?
True
Is 1916 a factor of 3056020?
True
Does 7803 divide 3100079200?
False
Is 505172680 a multiple of 535?
True
Is 63 a factor of 42630404?
False
Is 100235198 a multiple of 2668?
False
Is 62 a factor of 1594468136?
True
Is 244521397 a multiple of 4?
False
Is 180 a factor of 8102160?
True
Is 703697592 a multiple of 9231?
True
Is 3723 a factor of 150688425?
True
Is 5001156413 a multiple of 5795?
False
Does 9 divide 485534070?
True
Is 32067765 a multiple of 3867?
False
Is 53211156 a multiple of 12?
True
Does 133 divide 505838235?
True
Is 159805929 a multiple of 233?
False
Does 5 divide 5219965?
True
Does 16 divide 23743216?
True
Does 1947 divide 210904881?
True
Does 44 divide 4616084?
True
Is 276954370 a multiple of 2428?
False
Does 699 divide 76029531?
True
Is 695381694 a multiple of 622?
True
Is 8 a factor of 51957384?
True
Does 521 divide 53977163?
True
Is 42612739 a multiple of 13?
True
Is 45252891 a multiple of 69?
True
Does 1579 divide 35121697?
True
Is 536592422 a multiple of 5839?
True
Is 3445193400 a multiple of 10?
True
Is 6 a factor of 356112?
True
Does 8162 divide 6443711274?
True
Is 33630148 a multiple of 68?
True
Is 57 a factor of 1740666?
True
Does 6 divide 29090922?
True
Does 277 divide 148209127?
True
Is 29147580 a multiple of 140?
True
Does 60 divide 26957140?
False
Does 22 divide 496811486?
False
Is 1674 a factor of 332987058?
True
Is 131 a factor of 6244508?
True
Is 13971709 a multiple of 1147?
False
Is 2740 a factor of 1358300200?
True
Is 165536617 a multiple of 183?
False
Does 3466 divide 948798911?
False
Does 47 divide 16978403?
False
Does 22 divide 12913821?
False
Is 8419135 a multiple of 29?
True
Is 408024454 a multiple of 423?
False
Is 492000406 a multiple of 23?
True
Is 280 a factor of 1030444113?
False
Is 130110790 a multiple of 322?
False
Is 342162258 a multiple of 10?
False
Does 9 divide 54318681?
True
Does 850 divide 301152964?
False
Is 2167 a factor of 4272470017?
False
Is 54142447 a multiple of 401?
False
Is 238125929 a multiple of 11?
False
Does 2 divide 1822652?
True
Is 304 a factor of 696934183?
False
Does 25 divide 6474825?
True
Does 110 divide 1094520879?
False
Does 5332 divide 315579970?
False
Is 2021 a factor of 567155251?
True
Is 72399999 a multiple of 147?
True
Does 47 divide 123144794?
True
Is 813879600 a multiple of 2658?
True
Does 6073 divide 1073259257?
False
Does 10 divide 92928760?
True
Is 30755781 a multiple of 3969?
True
Is 122 a factor of 1023423230?
True
Does 109 divide 144119037?
True
Is 2581 a factor of 411261702?
True
Does 218 divide 15815900?
True
Is 6514392 a multiple of 1704?
True
Does 1976 divide 274790464?
True
Is 71766632 a multiple of 829?
False
Is 3178035 a multiple of 177?
True
Is 163 a factor of 108968597?
True
Is 896924895 a multiple of 8165?
False
Is 12762470 a multiple of 1423?
False
Does 485 divide 8415235?
True
Is 13 a factor of 275033499?
True
Is 8397 a factor of 1500073668?
True
Is 384 a factor of 23699328?
True
Is 16 a factor of 320067833?
False
Is 20221243 a multiple of 11?
False
Is 108001390 a multiple of 4293?
False
Is 363989923 a multiple of 75?
False
Is 26776565 a multiple of 39?
False
Is 123 a factor of 9184933?
False
Is 1834 a factor of 367679531?
False
Is 26 a factor of 33003438?
True
Is 44 a factor of 559178811?
False
Does 148 divide 13063693?
False
Does 2927 divide 444901073?
True
Is 383972786 a multiple of 849?
False
Is 17 a factor of 971772428?
True
Does 16 divide 3164355328?
True
Is 54 a factor of 62642106?
True
Is 5 a factor of 55743600?
True
Is 183 a factor of 349543655?
False
Is 10046980 a multiple of 7?
False
Is 196 a factor of 21312060?
True
Is 18 a factor of 33380084?
False
Does 31 divide 1032130?
False
Does 27 divide 222442714?
False
Is 3090130321 a multiple of 569?
True
Is 2721310035 a multiple of 955?
False
Is 3129 a factor of 3216612?
True
Is 480 a factor of 566331184?
False
Is 116 a factor of 11732240?
True
Is 312057944 a multiple of 953?
True
Is 1393 a factor of 1407795181?
False
Does 365 divide 104775440?
True
Does 970 divide 7989147?
False
Is 77 a factor of 409794?
True
Is 34398044 a multiple of 106?
False
Is 13 a factor of 41594384?
True
Is 105 a factor of 29709991?
False
Does 7 divide 1055596388?
True
Is 259 a factor of 22659858?
False
Is 2124265836 a multiple of 5082?
True
Is 1729675578 a multiple of 138?
True
Is 757570320 a multiple of 3240?
True
Is 253003409 a multiple of 278?
False
Is 63 a factor of 46360412?
False
Is 505 a factor of 23766709?
False
Is 2 a factor of 3238999?
False
Does 65 divide 51103520?
True
Is 413473668 a multiple of 276?
True
Does 406 divide 622963152?
True
Is 810182 even?
True
Does 4899 divide 663079650?
True
Is 14 a factor of 38265836?
True
Is 46 a factor of 105361758?
True
Is 1693548600 a multiple of 332?
True
Is 7 a factor of 9425533?
False
Is 220005650 a multiple of 530?
True
Is 24680718 a multiple of 6?
True
Is 1010308980 a multiple of 3638?
True
Is 27 a factor of 13734474?
False
Is 941 a factor of 857581084?
False
Is 89 a factor of 131611607?
False
Is 292 a factor of 51966283?
False
Is 200 a factor of 4734705608?
False
Is 163 a factor of 19551714?
False
Does 12 divide 708211992?
True
Does 1987 divide 877897509?
False
Is 262 a factor of 4380171?
False
Is 16913592 a multiple of 183?
True
Is 8 a factor of 5061956?
False
Is 17176670 a multiple of 590?
True
Does 51 divide 3150675?
False
Does 2594 divide 430894528?
True
Does 40 divide 25856400?
True
Is 88670916 a multiple of 12?
True
Is 16648720 a multiple of 440?
True
Is 1961 a factor of 825032656?
False
Does 4 divide 12451211?
False
Does 129 divide 444597810?
False
Is 4955980 a multiple of 5?
True
Is 256 a factor of 2826466130?
False
Is 7 a factor of 1122693799?
False
Is 543 a factor of 10911078?
False
Is 42 a factor of 6454938?
True
Is 14 a factor of 362108684?
True
Does 1050 divide 52903623?
False
Is 4445646 a multiple of 79?
True
Does 55 divide 26588803?
False
Does 1133 divide 29487458?
True
Does 65 divide 438764322?
False
Is 81844812 a multiple of 9?
True
Is 450125625 a multiple of 2155?
True
Does 525 divide 44963239?
False
Does 298 divide 4550460?
True
Is 295910 a multiple of 2?
True
Does 38 divide 1925118?
True
Does 51 divide 323224179?
True
Is 58 a factor of 6528132?
True
Is 1417 a factor of 112535306?
True
Does 61 divide 447026132?
False
Does 5305 divide 116932810?
True
Does 764 divide 543201708?
True
Is 569 a factor of 4452007?
False
Is 10034889 a multiple of 428?
False
Is 747842436 a multiple of 356?
True
Does 1777 divide 8718109?
False
Is 132961887 a multiple of 471?
True
Is 85 a factor of 271463140?
True
Is 4 a factor of 900631568?
True
Is 67812560 a multiple of 5?
True
Does 545 divide 18914457?
False
Is 252437105 a multiple of 295?
True
Is 194412788 a multiple of 79?
False
Does 246 divide 170770248?
True
Is 3214827054 a multiple of 2940?
False
Is 148179342 a multiple of 10?
False
Is 473 a factor of 74737545?
False
Is 589 a factor of 738763263?
True
Is 2601223159 a multiple of 900?
False
Does 560 divide 12197360?
True
Does 53 divide 11046154?
True
Is 532978236 a multiple of 14?
True
Does 2452 divide 318259792?
True